z?
0
Suppose -5 + 1 = -2*i. Suppose 13 = -i*a + 51. Suppose 0 = -3*p + 20 + 10. Calculate the remainder when a is divided by p.
9
Let f = 1929 - 1783. Calculate the remainder when f is divided by 76.
70
Suppose 2*v + 48 + 92 = 2*s, 5*v = 4*s - 285. Suppose 2*c = 4*c - 12. Calculate the remainder when s is divided by c.
5
Let b(l) = 5*l**3 - 3*l + 2. Calculate the remainder when 36/(-342) + 5362/38 is divided by b(2).
33
Let c = -48 + 48. Suppose c = 4*t + 2*r + 2*r - 44, -r = 4. Calculate the remainder when t is divided by 6.
3
Suppose 3*y + 459 = 12*y. What is the remainder when 353 is divided by y?
47
Let f = -45 + 100. Suppose -3*s + 88 = 3*c + 37, 3*s + 5*c - f = 0. What is the remainder when s is divided by 9?
6
Suppose -10*m + 1560 = 3*m. Let h = m - 107. Calculate the remainder when 17 is divided by h.
4
Let s(a) = 19*a + 618. What is the remainder when 511 is divided by s(-28)?
81
Let u(h) be the third derivative of -h**6/120 + h**5/10 + h**4/8 + 7*h**3/6 + 19*h**2. Suppose d - 6 = -0*d. What is the remainder when 48 is divided by u(d)?
23
Let h(j) = 3*j**2 - 14*j + 19. Calculate the remainder when 57 is divided by h(4).
2
Let z(w) = -38*w - 80. Calculate the remainder when z(-7) is divided by 28.
18
Suppose -4*j + 54 = 2*w, 3*j - 4*w = -9*w + 58. Calculate the remainder when 60 is divided by j.
5
Let v be 1/((-3)/(-21)) - 0. Let q = v - -19. Let z = q - 12. What is the remainder when z is divided by 8?
6
Let g(n) = 2*n + 2. Let u(s) = 6*s**2 - 1. Let f be u(1). Let x = 40 + f. What is the remainder when x is divided by g(5)?
9
Let h(c) = 26*c - 194. What is the remainder when h(20) is divided by 78?
14
Let t = -23 - -26. Let y(h) = 5*h**2 + 3*h - 1. What is the remainder when y(t) is divided by 19?
15
Suppose -14*n + 95 = -129. Calculate the remainder when 363 is divided by n.
11
Let h(k) = -2*k**2 + 26*k + 479. What is the remainder when 565 is divided by h(-10)?
14
Let g be -5*-2*(-36)/(-10). Suppose 4*o + 8 = g. Suppose 47 = 3*f - 10. What is the remainder when f is divided by o?
5
Let c = -51 + 85. Let n = 63 - c. Suppose 4*d = -23 + 7, -4*p = 4*d - 324. Calculate the remainder when p is divided by n.
27
Let n(v) = 2*v**3 - 3*v**2 - 4*v - 3. Let x be n(5). Let q = x - 63. Suppose 2*c - q = c. What is the remainder when c is divided by 15?
14
Suppose -16*c - 164 = -500. What is the remainder when c is divided by 3?
0
Let i = 7 - -3. Suppose -67 = 17*p - 18*p. What is the remainder when p is divided by i?
7
Suppose 0 = -71*o - 49*o + 9480. Calculate the remainder when 463 is divided by o.
68
Let u(g) = -3*g + 5 + 5 + 6 - 7. Calculate the remainder when u(-10) is divided by 11.
6
Suppose 0*v + 4*v = 300. Calculate the remainder when 522 is divided by v.
72
Let t be (-33)/(-22)*1*-2. Suppose 5*x - 9 = 2*x. Calculate the remainder when 7 - (t - 4/4) is divided by x.
2
Suppose 2*i = -0*i + 10. Let d be (80/14)/(3/42*4). Suppose n - d = -6. What is the remainder when n is divided by i?
4
Let t(r) = -2*r**3 + 4*r + 2. Let l(x) = x + 1. Let q(o) = l(o) + t(o). Let j(n) = 26*n - 56. What is the remainder when q(-3) is divided by j(3)?
20
Let s be 4*(-2)/((-8)/106). Let i = s - 66. Let y(c) = c**2 + 17*c + 73. Calculate the remainder when i is divided by y(-6).
5
Let k(b) = -b**3 + 29*b**2 - 24*b - 91. Suppose 4*q = 3*h - 218, -h - 3*q + 98 = 2*q. Calculate the remainder when h is divided by k(28).
15
Calculate the remainder when -516*(110/(-20) + 5) is divided by 45.
33
Suppose 121 = 10*n - 169. Calculate the remainder when 240 is divided by n.
8
Let t(a) = a**2 - 2*a + 22. Suppose 0 = 2*w - 7 - 169. Calculate the remainder when w is divided by t(4).
28
Suppose 6*r = 151 + 23. What is the remainder when r is divided by 60/18*24/5?
13
Let b be (-1 + -14 - 5)/((-2)/3). Suppose -2*f + 5*z = -0*z - b, -2*f = -2*z - 42. What is the remainder when f is divided by 7?
4
Let q be ((-9)/6)/(3/(-30)). Let a = -6 + q. Calculate the remainder when 15 is divided by a.
6
Let t = 185 - 166. Calculate the remainder when 511 is divided by t.
17
Let z(w) = -w**3 - 12*w**2 - 3*w - 32. Suppose 0 = 3*l - 8*l - 60. What is the remainder when 10 is divided by z(l)?
2
Calculate the remainder when 323 is divided by -2*(8 - 451/22).
23
Suppose -5*w + 1111 = -1169. Let t = -253 + w. What is the remainder when t is divided by 12?
11
Let s(i) = -i**3 - 5*i**2 + 8*i + 6. Let q be s(-6). Suppose p + 3*c - 22 = 0, 6*p - p - 62 = c. Calculate the remainder when 16*(-1)/q*9 is divided by p.
11
Let m = 422 - 162. What is the remainder when m is divided by 66?
62
What is the remainder when 15 is divided by (2/2 - 3) + (-10)/(-2)?
0
Let t(j) = 3*j**3 - 16*j**2 + 6*j - 21. Calculate the remainder when t(8) is divided by 45.
44
Suppose 3*l = -6*l + 234. Calculate the remainder when 73 is divided by l.
21
Let m(n) = -n + 3. Let c be m(-1). Let w = 17 + c. Suppose 0 = 2*u + u, -5*z - 5*u + 300 = 0. Calculate the remainder when z is divided by w.
18
Suppose f = -q - f + 25, -5*q + 97 = -4*f. Suppose -6*y + 3*y = -3*j + 180, -2*y = j - 60. What is the remainder when j is divided by q?
18
Suppose -36 = -4*f - c - 3*c, 2 = -2*c. Suppose -10 = g - 3*g. Suppose -5*b - 4*s = 2 - g, 5*b - s = 18. Calculate the remainder when f is divided by b.
1
Suppose -n + 4 = 3*o - 10, -5*o = 5*n - 60. What is the remainder when (-2)/(-8)*(171 - -1) is divided by n?
10
Let n = 175 - 263. Let p = 91 + n. What is the remainder when 37 is divided by p?
1
Suppose x + x = 6. Let f = 89 - 89. What is the remainder when x is divided by (-6 + 7)*(f + 1)?
0
Let r(y) = y**3 - 23*y**2 + 27*y - 77. What is the remainder when 61 is divided by r(22)?
28
Let l = 50 - 44. Suppose 0 = -l*j + 17 + 13. Suppose -b - 7 = -2*b. Calculate the remainder when b is divided by j.
2
Let i = 219 + -170. What is the remainder when 537 is divided by i?
47
Let c = 1165 + -168. What is the remainder when c is divided by 50?
47
Suppose 0*b = 4*b - 2*v - 1136, 3*v - 284 = -b. What is the remainder when b is divided by 41?
38
Let t(q) = q + 4. Let k be t(-1). What is the remainder when (143/k)/(3/9) is divided by 48?
47
Suppose -5*d + 40 = 3*q, d + 5*q = 6*d. Suppose -711 = -67*l + 763. Calculate the remainder when l is divided by d.
2
Let q = -159 + 174. What is the remainder when 19 is divided by q?
4
Suppose -305 = -3*u + 511. Let l = -144 + u. Calculate the remainder when l is divided by 10.
8
What is the remainder when ((-57)/2 + -1)/(11/(-22)) is divided by 15?
14
Let n(z) = 2*z**2 + 5*z - 15. What is the remainder when 40 is divided by n(-5)?
0
Let m(r) = 9*r + 141. What is the remainder when 11 is divided by m(-15)?
5
Suppose 0 = -2*g - 1 + 5, -g = w - 11. Calculate the remainder when 195 is divided by w.
6
Let c(x) = 7*x**2 + 6*x + 7. Let u(g) = 6*g**2 + 5*g + 6. Let z(w) = -3*c(w) + 4*u(w). Calculate the remainder when 8 is divided by z(-1).
0
Let p = 968 + -691. Calculate the remainder when p is divided by 20.
17
Let i = 84 - 68. What is the remainder when 56 is divided by i?
8
Let g = 230 - 222. Calculate the remainder when 159 is divided by g.
7
Let f(a) = -a**3 + 27. Let l be f(0). Suppose 174 - l = 7*i. What is the remainder when 39 is divided by i?
18
Let y = -623 + 695. Calculate the remainder when 143 is divided by y.
71
Calculate the remainder when -14 + (-290)/(-20) + 74/4 is divided by 5.
4
Suppose -219 + 237 = 9*l. Calculate the remainder when 49 is divided by l.
1
Suppose 4*n - r - 1270 = -3*r, 0 = 4*n + r - 1267. Calculate the remainder when n is divided by 93.
37
Let q(c) = c**3 + 5*c**2 + 3. Let u(i) = -i**2 - i. Let f(t) = t**2 - t + 1. Let m(d) = -f(d) - 2*u(d). What is the remainder when q(-5) is divided by m(-4)?
0
Suppose -445*z + 451*z - 1290 = 0. Calculate the remainder when z is divided by 108.
107
Let c = -14 - -23. Calculate the remainder when (-102)/(-4) + 4/8 is divided by c.
8
Suppose -7*h - 446 = -2035. What is the remainder when h is divided by 24?
11
Let u = -160 + 196. What is the remainder when u is divided by 10?
6
Suppose -5*x + 15*a = 19*a - 54, x + 5*a - 15 = 0. What is the remainder when 327 is divided by x?
7
Let i(c) = -3*c**3 + c**2 - 2*c + 255. Let h(y) = -2*y**3 + y**2 - y + 127. Let z(n) = -5*h(n) + 3*i(n). Calculate the remainder when z(0) is divided by 22.
20
Let i = 92 - 55. S